{"id":3,"date":"2025-11-22T13:41:03","date_gmt":"2025-11-22T13:41:03","guid":{"rendered":"https:\/\/mhdlocation.com\/?page_id=3"},"modified":"2025-12-01T20:16:19","modified_gmt":"2025-12-01T20:16:19","slug":"mentions-legales","status":"publish","type":"page","link":"https:\/\/mhdlocation.com\/?page_id=3","title":{"rendered":"Mentions l\u00e9gales"},"content":{"rendered":"\n<h2 class=\"wp-block-heading\"><\/h2>\n\n\n\n<h1 class=\"wp-block-heading has-text-color has-link-color wp-elements-fffdbdd709cd26ed8b61655c7ce2f3d4\" style=\"color:#ffffff\">\ud83d\udcc4 <strong>MENTIONS L\u00c9GALES \u2014 MHD LOCATION<\/strong><\/h1>\n\n\n\n<h2 class=\"wp-block-heading\">1. <strong>\u00c9diteur du site<\/strong><\/h2>\n\n\n\n<p>Le pr\u00e9sent site est \u00e9dit\u00e9 par :<\/p>\n\n\n\n<p><strong>MHD LOCATION<\/strong><br>Soci\u00e9t\u00e9 par actions simplifi\u00e9e (SAS)<br>Capital social : 100 \u20ac<br>SIREN : <strong>943 474 841<\/strong><br>RCS : Lyon<br>Si\u00e8ge social : <strong>3 Rue du 11 Novembre 1918, 2\u1d49 \u00e9tage, 69320 Feyzin<\/strong><br>Pr\u00e9sidente : <strong>M\u00e9lanie Monique DELEAGE<\/strong><br>Email : <em>(\u00e0 compl\u00e9ter)<\/em><br>T\u00e9l\u00e9phone : <em>(\u00e0 compl\u00e9ter)<\/em><\/p>\n\n\n\n<h2 class=\"wp-block-heading\">2. <strong>H\u00e9bergeur du site<\/strong><\/h2>\n\n\n\n<p>Nom de l\u2019h\u00e9bergeur : <em>(\u00e0 compl\u00e9ter \u2014 ex : OVH, Hostinger\u2026)<\/em><br>Adresse :<br>T\u00e9l\u00e9phone :<\/p>\n\n\n\n<h2 class=\"wp-block-heading\">3. <strong>Responsable de la publication<\/strong><\/h2>\n\n\n\n<p>M\u00e9lanie Monique DELEAGE \u2013 Pr\u00e9sidente de MHD LOCATION<\/p>\n\n\n\n<h2 class=\"wp-block-heading\">4. <strong>Activit\u00e9<\/strong><\/h2>\n\n\n\n<p>Location d&#8217;appartements et de maisons, vides ou meubl\u00e9s, destin\u00e9s \u00e0 l\u2019habitation principale ou secondaire.<\/p>\n\n\n\n<h2 class=\"wp-block-heading\">5. <strong>Propri\u00e9t\u00e9 intellectuelle<\/strong><\/h2>\n\n\n\n<p>L&#8217;ensemble du contenu pr\u00e9sent sur le site (textes, images, logos, etc.) est prot\u00e9g\u00e9 par le Code de la propri\u00e9t\u00e9 intellectuelle.<br>Toute reproduction, distribution, modification ou utilisation du contenu sans autorisation \u00e9crite est interdite.<\/p>\n\n\n\n<h2 class=\"wp-block-heading\">6. <strong>Limitation de responsabilit\u00e9<\/strong><\/h2>\n\n\n\n<p>MHD LOCATION ne pourra \u00eatre tenue responsable :<\/p>\n\n\n\n<ul class=\"wp-block-list\">\n<li>des interruptions du site,<\/li>\n\n\n\n<li>de bugs ou erreurs,<\/li>\n\n\n\n<li>de tout dommage li\u00e9 \u00e0 l\u2019utilisation du site.<\/li>\n<\/ul>\n\n\n\n<h2 class=\"wp-block-heading\">7. <strong>Litiges<\/strong><\/h2>\n\n\n\n<p>Le pr\u00e9sent site est soumis au droit fran\u00e7ais.<br>En cas de litige, les tribunaux comp\u00e9tents seront ceux du ressort de Lyon.<\/p>\n\n\n\n<hr class=\"wp-block-separator has-alpha-channel-opacity\"\/>\n\n\n\n<p><\/p>\n\n\n\n<p><\/p>\n\n\n\n<p><\/p>\n\n\n\n<p><\/p>\n\n\n\n<p><\/p>\n\n\n\n<p><\/p>\n","protected":false},"excerpt":{"rendered":"<p>\ud83d\udcc4 MENTIONS L\u00c9GALES \u2014 MHD LOCATION 1. \u00c9diteur du site Le pr\u00e9sent site est \u00e9dit\u00e9 par : MHD LOCATIONSoci\u00e9t\u00e9 par actions simplifi\u00e9e (SAS)Capital social : 100 \u20acSIREN : 943 474 841RCS : LyonSi\u00e8ge social : 3 Rue du 11 Novembre 1918, 2\u1d49 \u00e9tage, 69320 FeyzinPr\u00e9sidente : M\u00e9lanie Monique DELEAGEEmail : (\u00e0 compl\u00e9ter)T\u00e9l\u00e9phone : (\u00e0 compl\u00e9ter) [&hellip;]<\/p>\n","protected":false},"author":1,"featured_media":0,"parent":0,"menu_order":0,"comment_status":"closed","ping_status":"closed","template":"","meta":{"footnotes":""},"class_list":["post-3","page","type-page","status-publish","hentry"],"yoast_head":"<!-- This site is optimized with the Yoast SEO plugin v26.3 - https:\/\/yoast.com\/wordpress\/plugins\/seo\/ -->\n<title>Mentions l\u00e9gales - Votre bien, notre mission !<\/title>\n<meta name=\"robots\" content=\"index, follow, max-snippet:-1, max-image-preview:large, max-video-preview:-1\" \/>\n<link rel=\"canonical\" href=\"https:\/\/mhdlocation.com\/?page_id=3\" \/>\n<meta property=\"og:locale\" content=\"en_US\" \/>\n<meta property=\"og:type\" content=\"article\" \/>\n<meta property=\"og:title\" content=\"Mentions l\u00e9gales - Votre bien, notre mission !\" \/>\n<meta property=\"og:description\" content=\"\ud83d\udcc4 MENTIONS L\u00c9GALES \u2014 MHD LOCATION 1. \u00c9diteur du site Le pr\u00e9sent site est \u00e9dit\u00e9 par : MHD LOCATIONSoci\u00e9t\u00e9 par actions simplifi\u00e9e (SAS)Capital social : 100 \u20acSIREN : 943 474 841RCS : LyonSi\u00e8ge social : 3 Rue du 11 Novembre 1918, 2\u1d49 \u00e9tage, 69320 FeyzinPr\u00e9sidente : M\u00e9lanie Monique DELEAGEEmail : (\u00e0 compl\u00e9ter)T\u00e9l\u00e9phone : (\u00e0 compl\u00e9ter) [&hellip;]\" \/>\n<meta property=\"og:url\" content=\"https:\/\/mhdlocation.com\/?page_id=3\" \/>\n<meta property=\"og:site_name\" content=\"Votre bien, notre mission !\" \/>\n<meta property=\"article:modified_time\" content=\"2025-12-01T20:16:19+00:00\" \/>\n<meta name=\"twitter:card\" content=\"summary_large_image\" \/>\n<meta name=\"twitter:label1\" content=\"Est. reading time\" \/>\n\t<meta name=\"twitter:data1\" content=\"1 minute\" \/>\n<script type=\"application\/ld+json\" class=\"yoast-schema-graph\">{\"@context\":\"https:\/\/schema.org\",\"@graph\":[{\"@type\":\"WebPage\",\"@id\":\"https:\/\/mhdlocation.com\/?page_id=3\",\"url\":\"https:\/\/mhdlocation.com\/?page_id=3\",\"name\":\"Mentions l\u00e9gales - Votre bien, notre mission !\",\"isPartOf\":{\"@id\":\"http:\/\/mhdlocation.com\/#website\"},\"datePublished\":\"2025-11-22T13:41:03+00:00\",\"dateModified\":\"2025-12-01T20:16:19+00:00\",\"breadcrumb\":{\"@id\":\"https:\/\/mhdlocation.com\/?page_id=3#breadcrumb\"},\"inLanguage\":\"en-US\",\"potentialAction\":[{\"@type\":\"ReadAction\",\"target\":[\"https:\/\/mhdlocation.com\/?page_id=3\"]}]},{\"@type\":\"BreadcrumbList\",\"@id\":\"https:\/\/mhdlocation.com\/?page_id=3#breadcrumb\",\"itemListElement\":[{\"@type\":\"ListItem\",\"position\":1,\"name\":\"Home\",\"item\":\"http:\/\/mhdlocation.com\/\"},{\"@type\":\"ListItem\",\"position\":2,\"name\":\"Mentions l\u00e9gales\"}]},{\"@type\":\"WebSite\",\"@id\":\"http:\/\/mhdlocation.com\/#website\",\"url\":\"http:\/\/mhdlocation.com\/\",\"name\":\"Votre bien, notre mission !\",\"description\":\"Nous sommes une soci\u00e9t\u00e9 de conciergerie et de location de bien bas\u00e9 \u00e0 Lyon. Et exer\u00e7ant dans toute la France. \ud83c\uddeb\ud83c\uddf7  \",\"publisher\":{\"@id\":\"http:\/\/mhdlocation.com\/#organization\"},\"potentialAction\":[{\"@type\":\"SearchAction\",\"target\":{\"@type\":\"EntryPoint\",\"urlTemplate\":\"http:\/\/mhdlocation.com\/?s={search_term_string}\"},\"query-input\":{\"@type\":\"PropertyValueSpecification\",\"valueRequired\":true,\"valueName\":\"search_term_string\"}}],\"inLanguage\":\"en-US\"},{\"@type\":\"Organization\",\"@id\":\"http:\/\/mhdlocation.com\/#organization\",\"name\":\"Votre bien, notre mission !\",\"url\":\"http:\/\/mhdlocation.com\/\",\"logo\":{\"@type\":\"ImageObject\",\"inLanguage\":\"en-US\",\"@id\":\"http:\/\/mhdlocation.com\/#\/schema\/logo\/image\/\",\"url\":\"https:\/\/mhdlocation.com\/wp-content\/uploads\/2025\/11\/Black_White_Minimalist_Initials_Monogram_Jewelry_Logo__2_-removebg-preview.png\",\"contentUrl\":\"https:\/\/mhdlocation.com\/wp-content\/uploads\/2025\/11\/Black_White_Minimalist_Initials_Monogram_Jewelry_Logo__2_-removebg-preview.png\",\"width\":500,\"height\":500,\"caption\":\"Votre bien, notre mission !\"},\"image\":{\"@id\":\"http:\/\/mhdlocation.com\/#\/schema\/logo\/image\/\"}}]}<\/script>\n<!-- \/ Yoast SEO plugin. -->","yoast_head_json":{"title":"Mentions l\u00e9gales - Votre bien, notre mission !","robots":{"index":"index","follow":"follow","max-snippet":"max-snippet:-1","max-image-preview":"max-image-preview:large","max-video-preview":"max-video-preview:-1"},"canonical":"https:\/\/mhdlocation.com\/?page_id=3","og_locale":"en_US","og_type":"article","og_title":"Mentions l\u00e9gales - Votre bien, notre mission !","og_description":"\ud83d\udcc4 MENTIONS L\u00c9GALES \u2014 MHD LOCATION 1. \u00c9diteur du site Le pr\u00e9sent site est \u00e9dit\u00e9 par : MHD LOCATIONSoci\u00e9t\u00e9 par actions simplifi\u00e9e (SAS)Capital social : 100 \u20acSIREN : 943 474 841RCS : LyonSi\u00e8ge social : 3 Rue du 11 Novembre 1918, 2\u1d49 \u00e9tage, 69320 FeyzinPr\u00e9sidente : M\u00e9lanie Monique DELEAGEEmail : (\u00e0 compl\u00e9ter)T\u00e9l\u00e9phone : (\u00e0 compl\u00e9ter) [&hellip;]","og_url":"https:\/\/mhdlocation.com\/?page_id=3","og_site_name":"Votre bien, notre mission !","article_modified_time":"2025-12-01T20:16:19+00:00","twitter_card":"summary_large_image","twitter_misc":{"Est. reading time":"1 minute"},"schema":{"@context":"https:\/\/schema.org","@graph":[{"@type":"WebPage","@id":"https:\/\/mhdlocation.com\/?page_id=3","url":"https:\/\/mhdlocation.com\/?page_id=3","name":"Mentions l\u00e9gales - Votre bien, notre mission !","isPartOf":{"@id":"http:\/\/mhdlocation.com\/#website"},"datePublished":"2025-11-22T13:41:03+00:00","dateModified":"2025-12-01T20:16:19+00:00","breadcrumb":{"@id":"https:\/\/mhdlocation.com\/?page_id=3#breadcrumb"},"inLanguage":"en-US","potentialAction":[{"@type":"ReadAction","target":["https:\/\/mhdlocation.com\/?page_id=3"]}]},{"@type":"BreadcrumbList","@id":"https:\/\/mhdlocation.com\/?page_id=3#breadcrumb","itemListElement":[{"@type":"ListItem","position":1,"name":"Home","item":"http:\/\/mhdlocation.com\/"},{"@type":"ListItem","position":2,"name":"Mentions l\u00e9gales"}]},{"@type":"WebSite","@id":"http:\/\/mhdlocation.com\/#website","url":"http:\/\/mhdlocation.com\/","name":"Votre bien, notre mission !","description":"Nous sommes une soci\u00e9t\u00e9 de conciergerie et de location de bien bas\u00e9 \u00e0 Lyon. Et exer\u00e7ant dans toute la France. \ud83c\uddeb\ud83c\uddf7  ","publisher":{"@id":"http:\/\/mhdlocation.com\/#organization"},"potentialAction":[{"@type":"SearchAction","target":{"@type":"EntryPoint","urlTemplate":"http:\/\/mhdlocation.com\/?s={search_term_string}"},"query-input":{"@type":"PropertyValueSpecification","valueRequired":true,"valueName":"search_term_string"}}],"inLanguage":"en-US"},{"@type":"Organization","@id":"http:\/\/mhdlocation.com\/#organization","name":"Votre bien, notre mission !","url":"http:\/\/mhdlocation.com\/","logo":{"@type":"ImageObject","inLanguage":"en-US","@id":"http:\/\/mhdlocation.com\/#\/schema\/logo\/image\/","url":"https:\/\/mhdlocation.com\/wp-content\/uploads\/2025\/11\/Black_White_Minimalist_Initials_Monogram_Jewelry_Logo__2_-removebg-preview.png","contentUrl":"https:\/\/mhdlocation.com\/wp-content\/uploads\/2025\/11\/Black_White_Minimalist_Initials_Monogram_Jewelry_Logo__2_-removebg-preview.png","width":500,"height":500,"caption":"Votre bien, notre mission !"},"image":{"@id":"http:\/\/mhdlocation.com\/#\/schema\/logo\/image\/"}}]}},"brizy_media":[],"_links":{"self":[{"href":"https:\/\/mhdlocation.com\/index.php?rest_route=\/wp\/v2\/pages\/3","targetHints":{"allow":["GET"]}}],"collection":[{"href":"https:\/\/mhdlocation.com\/index.php?rest_route=\/wp\/v2\/pages"}],"about":[{"href":"https:\/\/mhdlocation.com\/index.php?rest_route=\/wp\/v2\/types\/page"}],"author":[{"embeddable":true,"href":"https:\/\/mhdlocation.com\/index.php?rest_route=\/wp\/v2\/users\/1"}],"replies":[{"embeddable":true,"href":"https:\/\/mhdlocation.com\/index.php?rest_route=%2Fwp%2Fv2%2Fcomments&post=3"}],"version-history":[{"count":2,"href":"https:\/\/mhdlocation.com\/index.php?rest_route=\/wp\/v2\/pages\/3\/revisions"}],"predecessor-version":[{"id":90,"href":"https:\/\/mhdlocation.com\/index.php?rest_route=\/wp\/v2\/pages\/3\/revisions\/90"}],"wp:attachment":[{"href":"https:\/\/mhdlocation.com\/index.php?rest_route=%2Fwp%2Fv2%2Fmedia&parent=3"}],"curies":[{"name":"wp","href":"https:\/\/api.w.org\/{rel}","templated":true}]}}