{"id":46,"date":"2025-12-01T19:09:55","date_gmt":"2025-12-01T19:09:55","guid":{"rendered":"https:\/\/mhdlocation.com\/?page_id=46"},"modified":"2025-12-02T14:00:31","modified_gmt":"2025-12-02T14:00:31","slug":"partenariats","status":"publish","type":"page","link":"https:\/\/mhdlocation.com\/?page_id=46","title":{"rendered":"Partenariats"},"content":{"rendered":"\n<h1 class=\"wp-block-heading has-text-color has-link-color wp-elements-126458b3afaa3738bd3310e1e36b197a\" style=\"color:#ffffff\">Partenariats <\/h1>\n\n\n\n<p>Nous r\u00e9mun\u00e9rons une commission pour tout apporteur d\u2019affaires qui nous r\u00e9f\u00e9rence un bien sign\u00e9 gr\u00e2ce \u00e0 son partage de contact.<\/p>\n\n\n\n<p>Si vous avez des connaissances qui ont des biens, n\u2019h\u00e9sitez pas \u00e0 nous envoyer un email \u00e0 : <strong>contact.mhdlocation@gmail.com<\/strong>.<\/p>\n\n\n\n<p><\/p>\n\n\n\n<p>Nos partenaires actuels : <\/p>\n\n\n\n<div class=\"wp-block-columns is-layout-flex wp-container-core-columns-is-layout-28f84493 wp-block-columns-is-layout-flex\">\n<div class=\"wp-block-column is-layout-flow wp-block-column-is-layout-flow\">\n<figure class=\"wp-block-image size-full\"><img loading=\"lazy\" decoding=\"async\" width=\"330\" height=\"86\" src=\"https:\/\/mhdlocation.com\/wp-content\/uploads\/2025\/12\/Capture-decran-2025-12-02-a-14.56.47.png\" alt=\"\" class=\"wp-image-104\" srcset=\"https:\/\/mhdlocation.com\/wp-content\/uploads\/2025\/12\/Capture-decran-2025-12-02-a-14.56.47.png 330w, https:\/\/mhdlocation.com\/wp-content\/uploads\/2025\/12\/Capture-decran-2025-12-02-a-14.56.47-300x78.png 300w\" sizes=\"auto, (max-width: 330px) 100vw, 330px\" \/><\/figure>\n<\/div>\n\n\n\n<div class=\"wp-block-column is-layout-flow wp-block-column-is-layout-flow\">\n<figure class=\"wp-block-image size-full\"><img loading=\"lazy\" decoding=\"async\" width=\"344\" height=\"160\" src=\"https:\/\/mhdlocation.com\/wp-content\/uploads\/2025\/12\/Capture-decran-2025-12-02-a-15.00.07.png\" alt=\"\" class=\"wp-image-113\" srcset=\"https:\/\/mhdlocation.com\/wp-content\/uploads\/2025\/12\/Capture-decran-2025-12-02-a-15.00.07.png 344w, https:\/\/mhdlocation.com\/wp-content\/uploads\/2025\/12\/Capture-decran-2025-12-02-a-15.00.07-300x140.png 300w\" sizes=\"auto, (max-width: 344px) 100vw, 344px\" \/><\/figure>\n<\/div>\n\n\n\n<div class=\"wp-block-column is-layout-flow wp-block-column-is-layout-flow\">\n<figure class=\"wp-block-image size-full is-resized\"><img loading=\"lazy\" decoding=\"async\" width=\"100\" height=\"50\" src=\"https:\/\/mhdlocation.com\/wp-content\/uploads\/2025\/12\/Untitled-design-84-2.png\" alt=\"\" class=\"wp-image-112\" style=\"width:156px;height:auto\"\/><\/figure>\n<\/div>\n<\/div>\n\n\n\n<p><\/p>\n","protected":false},"excerpt":{"rendered":"<p>Partenariats Nous r\u00e9mun\u00e9rons une commission pour tout apporteur d\u2019affaires qui nous r\u00e9f\u00e9rence un bien sign\u00e9 gr\u00e2ce \u00e0 son partage de contact. Si vous avez des connaissances qui ont des biens, n\u2019h\u00e9sitez pas \u00e0 nous envoyer un email \u00e0 : contact.mhdlocation@gmail.com. Nos partenaires actuels :<\/p>\n","protected":false},"author":1,"featured_media":0,"parent":0,"menu_order":0,"comment_status":"closed","ping_status":"closed","template":"","meta":{"footnotes":""},"class_list":["post-46","page","type-page","status-publish","hentry"],"yoast_head":"<!-- This site is optimized with the Yoast SEO plugin v26.3 - https:\/\/yoast.com\/wordpress\/plugins\/seo\/ -->\n<title>Partenariats - Votre bien, notre mission !<\/title>\n<meta name=\"robots\" content=\"index, follow, max-snippet:-1, max-image-preview:large, max-video-preview:-1\" \/>\n<link rel=\"canonical\" href=\"https:\/\/mhdlocation.com\/?page_id=46\" \/>\n<meta property=\"og:locale\" content=\"en_US\" \/>\n<meta property=\"og:type\" content=\"article\" \/>\n<meta property=\"og:title\" content=\"Partenariats - Votre bien, notre mission !\" \/>\n<meta property=\"og:description\" content=\"Partenariats Nous r\u00e9mun\u00e9rons une commission pour tout apporteur d\u2019affaires qui nous r\u00e9f\u00e9rence un bien sign\u00e9 gr\u00e2ce \u00e0 son partage de contact. Si vous avez des connaissances qui ont des biens, n\u2019h\u00e9sitez pas \u00e0 nous envoyer un email \u00e0 : contact.mhdlocation@gmail.com. Nos partenaires actuels :\" \/>\n<meta property=\"og:url\" content=\"https:\/\/mhdlocation.com\/?page_id=46\" \/>\n<meta property=\"og:site_name\" content=\"Votre bien, notre mission !\" \/>\n<meta property=\"article:modified_time\" content=\"2025-12-02T14:00:31+00:00\" \/>\n<meta property=\"og:image\" content=\"https:\/\/mhdlocation.com\/wp-content\/uploads\/2025\/12\/Capture-decran-2025-12-02-a-14.56.47.png\" \/>\n\t<meta property=\"og:image:width\" content=\"330\" \/>\n\t<meta property=\"og:image:height\" content=\"86\" \/>\n\t<meta property=\"og:image:type\" content=\"image\/png\" \/>\n<meta name=\"twitter:card\" content=\"summary_large_image\" \/>\n<meta name=\"twitter:label1\" content=\"Est. reading time\" \/>\n\t<meta name=\"twitter:data1\" content=\"1 minute\" \/>\n<script type=\"application\/ld+json\" class=\"yoast-schema-graph\">{\"@context\":\"https:\/\/schema.org\",\"@graph\":[{\"@type\":\"WebPage\",\"@id\":\"https:\/\/mhdlocation.com\/?page_id=46\",\"url\":\"https:\/\/mhdlocation.com\/?page_id=46\",\"name\":\"Partenariats - Votre bien, notre mission !\",\"isPartOf\":{\"@id\":\"http:\/\/mhdlocation.com\/#website\"},\"primaryImageOfPage\":{\"@id\":\"https:\/\/mhdlocation.com\/?page_id=46#primaryimage\"},\"image\":{\"@id\":\"https:\/\/mhdlocation.com\/?page_id=46#primaryimage\"},\"thumbnailUrl\":\"https:\/\/mhdlocation.com\/wp-content\/uploads\/2025\/12\/Capture-decran-2025-12-02-a-14.56.47.png\",\"datePublished\":\"2025-12-01T19:09:55+00:00\",\"dateModified\":\"2025-12-02T14:00:31+00:00\",\"breadcrumb\":{\"@id\":\"https:\/\/mhdlocation.com\/?page_id=46#breadcrumb\"},\"inLanguage\":\"en-US\",\"potentialAction\":[{\"@type\":\"ReadAction\",\"target\":[\"https:\/\/mhdlocation.com\/?page_id=46\"]}]},{\"@type\":\"ImageObject\",\"inLanguage\":\"en-US\",\"@id\":\"https:\/\/mhdlocation.com\/?page_id=46#primaryimage\",\"url\":\"https:\/\/mhdlocation.com\/wp-content\/uploads\/2025\/12\/Capture-decran-2025-12-02-a-14.56.47.png\",\"contentUrl\":\"https:\/\/mhdlocation.com\/wp-content\/uploads\/2025\/12\/Capture-decran-2025-12-02-a-14.56.47.png\",\"width\":330,\"height\":86},{\"@type\":\"BreadcrumbList\",\"@id\":\"https:\/\/mhdlocation.com\/?page_id=46#breadcrumb\",\"itemListElement\":[{\"@type\":\"ListItem\",\"position\":1,\"name\":\"Home\",\"item\":\"http:\/\/mhdlocation.com\/\"},{\"@type\":\"ListItem\",\"position\":2,\"name\":\"Partenariats\"}]},{\"@type\":\"WebSite\",\"@id\":\"http:\/\/mhdlocation.com\/#website\",\"url\":\"http:\/\/mhdlocation.com\/\",\"name\":\"Votre bien, notre mission !\",\"description\":\"Nous sommes une soci\u00e9t\u00e9 de conciergerie et de location de bien bas\u00e9 \u00e0 Lyon. Et exer\u00e7ant dans toute la France. \ud83c\uddeb\ud83c\uddf7  \",\"publisher\":{\"@id\":\"http:\/\/mhdlocation.com\/#organization\"},\"potentialAction\":[{\"@type\":\"SearchAction\",\"target\":{\"@type\":\"EntryPoint\",\"urlTemplate\":\"http:\/\/mhdlocation.com\/?s={search_term_string}\"},\"query-input\":{\"@type\":\"PropertyValueSpecification\",\"valueRequired\":true,\"valueName\":\"search_term_string\"}}],\"inLanguage\":\"en-US\"},{\"@type\":\"Organization\",\"@id\":\"http:\/\/mhdlocation.com\/#organization\",\"name\":\"Votre bien, notre mission !\",\"url\":\"http:\/\/mhdlocation.com\/\",\"logo\":{\"@type\":\"ImageObject\",\"inLanguage\":\"en-US\",\"@id\":\"http:\/\/mhdlocation.com\/#\/schema\/logo\/image\/\",\"url\":\"https:\/\/mhdlocation.com\/wp-content\/uploads\/2025\/11\/Black_White_Minimalist_Initials_Monogram_Jewelry_Logo__2_-removebg-preview.png\",\"contentUrl\":\"https:\/\/mhdlocation.com\/wp-content\/uploads\/2025\/11\/Black_White_Minimalist_Initials_Monogram_Jewelry_Logo__2_-removebg-preview.png\",\"width\":500,\"height\":500,\"caption\":\"Votre bien, notre mission !\"},\"image\":{\"@id\":\"http:\/\/mhdlocation.com\/#\/schema\/logo\/image\/\"}}]}<\/script>\n<!-- \/ Yoast SEO plugin. -->","yoast_head_json":{"title":"Partenariats - Votre bien, notre mission !","robots":{"index":"index","follow":"follow","max-snippet":"max-snippet:-1","max-image-preview":"max-image-preview:large","max-video-preview":"max-video-preview:-1"},"canonical":"https:\/\/mhdlocation.com\/?page_id=46","og_locale":"en_US","og_type":"article","og_title":"Partenariats - Votre bien, notre mission !","og_description":"Partenariats Nous r\u00e9mun\u00e9rons une commission pour tout apporteur d\u2019affaires qui nous r\u00e9f\u00e9rence un bien sign\u00e9 gr\u00e2ce \u00e0 son partage de contact. Si vous avez des connaissances qui ont des biens, n\u2019h\u00e9sitez pas \u00e0 nous envoyer un email \u00e0 : contact.mhdlocation@gmail.com. Nos partenaires actuels :","og_url":"https:\/\/mhdlocation.com\/?page_id=46","og_site_name":"Votre bien, notre mission !","article_modified_time":"2025-12-02T14:00:31+00:00","og_image":[{"width":330,"height":86,"url":"https:\/\/mhdlocation.com\/wp-content\/uploads\/2025\/12\/Capture-decran-2025-12-02-a-14.56.47.png","type":"image\/png"}],"twitter_card":"summary_large_image","twitter_misc":{"Est. reading time":"1 minute"},"schema":{"@context":"https:\/\/schema.org","@graph":[{"@type":"WebPage","@id":"https:\/\/mhdlocation.com\/?page_id=46","url":"https:\/\/mhdlocation.com\/?page_id=46","name":"Partenariats - Votre bien, notre mission !","isPartOf":{"@id":"http:\/\/mhdlocation.com\/#website"},"primaryImageOfPage":{"@id":"https:\/\/mhdlocation.com\/?page_id=46#primaryimage"},"image":{"@id":"https:\/\/mhdlocation.com\/?page_id=46#primaryimage"},"thumbnailUrl":"https:\/\/mhdlocation.com\/wp-content\/uploads\/2025\/12\/Capture-decran-2025-12-02-a-14.56.47.png","datePublished":"2025-12-01T19:09:55+00:00","dateModified":"2025-12-02T14:00:31+00:00","breadcrumb":{"@id":"https:\/\/mhdlocation.com\/?page_id=46#breadcrumb"},"inLanguage":"en-US","potentialAction":[{"@type":"ReadAction","target":["https:\/\/mhdlocation.com\/?page_id=46"]}]},{"@type":"ImageObject","inLanguage":"en-US","@id":"https:\/\/mhdlocation.com\/?page_id=46#primaryimage","url":"https:\/\/mhdlocation.com\/wp-content\/uploads\/2025\/12\/Capture-decran-2025-12-02-a-14.56.47.png","contentUrl":"https:\/\/mhdlocation.com\/wp-content\/uploads\/2025\/12\/Capture-decran-2025-12-02-a-14.56.47.png","width":330,"height":86},{"@type":"BreadcrumbList","@id":"https:\/\/mhdlocation.com\/?page_id=46#breadcrumb","itemListElement":[{"@type":"ListItem","position":1,"name":"Home","item":"http:\/\/mhdlocation.com\/"},{"@type":"ListItem","position":2,"name":"Partenariats"}]},{"@type":"WebSite","@id":"http:\/\/mhdlocation.com\/#website","url":"http:\/\/mhdlocation.com\/","name":"Votre bien, notre mission !","description":"Nous sommes une soci\u00e9t\u00e9 de conciergerie et de location de bien bas\u00e9 \u00e0 Lyon. Et exer\u00e7ant dans toute la France. \ud83c\uddeb\ud83c\uddf7  ","publisher":{"@id":"http:\/\/mhdlocation.com\/#organization"},"potentialAction":[{"@type":"SearchAction","target":{"@type":"EntryPoint","urlTemplate":"http:\/\/mhdlocation.com\/?s={search_term_string}"},"query-input":{"@type":"PropertyValueSpecification","valueRequired":true,"valueName":"search_term_string"}}],"inLanguage":"en-US"},{"@type":"Organization","@id":"http:\/\/mhdlocation.com\/#organization","name":"Votre bien, notre mission !","url":"http:\/\/mhdlocation.com\/","logo":{"@type":"ImageObject","inLanguage":"en-US","@id":"http:\/\/mhdlocation.com\/#\/schema\/logo\/image\/","url":"https:\/\/mhdlocation.com\/wp-content\/uploads\/2025\/11\/Black_White_Minimalist_Initials_Monogram_Jewelry_Logo__2_-removebg-preview.png","contentUrl":"https:\/\/mhdlocation.com\/wp-content\/uploads\/2025\/11\/Black_White_Minimalist_Initials_Monogram_Jewelry_Logo__2_-removebg-preview.png","width":500,"height":500,"caption":"Votre bien, notre mission !"},"image":{"@id":"http:\/\/mhdlocation.com\/#\/schema\/logo\/image\/"}}]}},"brizy_media":[],"_links":{"self":[{"href":"https:\/\/mhdlocation.com\/index.php?rest_route=\/wp\/v2\/pages\/46","targetHints":{"allow":["GET"]}}],"collection":[{"href":"https:\/\/mhdlocation.com\/index.php?rest_route=\/wp\/v2\/pages"}],"about":[{"href":"https:\/\/mhdlocation.com\/index.php?rest_route=\/wp\/v2\/types\/page"}],"author":[{"embeddable":true,"href":"https:\/\/mhdlocation.com\/index.php?rest_route=\/wp\/v2\/users\/1"}],"replies":[{"embeddable":true,"href":"https:\/\/mhdlocation.com\/index.php?rest_route=%2Fwp%2Fv2%2Fcomments&post=46"}],"version-history":[{"count":5,"href":"https:\/\/mhdlocation.com\/index.php?rest_route=\/wp\/v2\/pages\/46\/revisions"}],"predecessor-version":[{"id":115,"href":"https:\/\/mhdlocation.com\/index.php?rest_route=\/wp\/v2\/pages\/46\/revisions\/115"}],"wp:attachment":[{"href":"https:\/\/mhdlocation.com\/index.php?rest_route=%2Fwp%2Fv2%2Fmedia&parent=46"}],"curies":[{"name":"wp","href":"https:\/\/api.w.org\/{rel}","templated":true}]}}